{"id":16,"date":"2016-05-24T15:43:58","date_gmt":"2016-05-24T12:43:58","guid":{"rendered":"http:\/\/viljelusvoistlus.ee\/?page_id=16"},"modified":"2026-03-11T12:44:34","modified_gmt":"2026-03-11T10:44:34","slug":"rekordid","status":"publish","type":"page","link":"https:\/\/viljelusvoistlus.ee\/en\/rekordid\/","title":{"rendered":"Records"},"content":{"rendered":"<table style=\"height: 507px;\" width=\"481\">\n<tbody>\n<tr>\n<td>Kultuur<\/td>\n<td>t\/ha<\/td>\n<td>Aasta<\/td>\n<td>Rekordiomanik<\/td>\n<td>Piirkond<\/td>\n<td><\/td>\n<\/tr>\n<tr>\n<td>Talinisu<\/td>\n<td>12,8<\/td>\n<td>2023<\/td>\n<td>Erki Plamus<\/td>\n<td>Raplamaa<\/td>\n<td><\/td>\n<\/tr>\n<tr>\n<td>Suvinisu<\/td>\n<td>8,4<\/td>\n<td>2015<\/td>\n<td>T\u00f5nis Riisk<\/td>\n<td>Viljandimaa<\/td>\n<td><\/td>\n<\/tr>\n<tr>\n<td>Rukis<\/td>\n<td>12,1<\/td>\n<td>2019<\/td>\n<td>Raido Allsaar<\/td>\n<td>J\u00e4rvamaa<\/td>\n<td><\/td>\n<\/tr>\n<tr>\n<td>Maherukis<\/td>\n<td>4,9<\/td>\n<td>2017<\/td>\n<td>J\u00fcri Ilves<\/td>\n<td>J\u00e4rvamaa<\/td>\n<td><\/td>\n<\/tr>\n<tr>\n<td>Triticale<\/td>\n<td>10,8<\/td>\n<td>2017<\/td>\n<td>Eugen Koit<\/td>\n<td>Saaremaa<\/td>\n<td><\/td>\n<\/tr>\n<tr>\n<td>Talioder<\/td>\n<td>12<\/td>\n<td>2015<\/td>\n<td>Aivar Treiberg<\/td>\n<td>Harjumaa<\/td>\n<td><\/td>\n<\/tr>\n<tr>\n<td>Suvioder<\/td>\n<td>8,5<\/td>\n<td>2019<\/td>\n<td>Sven-Erik Lohu<\/td>\n<td>Viljandimaa<\/td>\n<td><\/td>\n<\/tr>\n<tr>\n<td>Varane oder<\/td>\n<td>7,4<\/td>\n<td>2009<\/td>\n<td>Erki Oidermaa<\/td>\n<td>P\u00f5lvamaa<\/td>\n<td><\/td>\n<\/tr>\n<tr>\n<td>Kaer<\/td>\n<td>8,6<\/td>\n<td>2022<\/td>\n<td>Ahti Nurm<\/td>\n<td>Valgamaa<\/td>\n<td><\/td>\n<\/tr>\n<tr>\n<td>P\u00f5ldhernes<\/td>\n<td>6,6<\/td>\n<td>2016<\/td>\n<td>Mihkel Vainula<\/td>\n<td>P\u00e4rnumaa<\/td>\n<td><\/td>\n<\/tr>\n<tr>\n<td>P\u00f5lduba<\/td>\n<td>6,8<\/td>\n<td>2022<\/td>\n<td>Erki Plamus<\/td>\n<td>Raplamaa<\/td>\n<td><\/td>\n<\/tr>\n<tr>\n<td>Taliraps<\/td>\n<td>6,9<\/td>\n<td>2015<\/td>\n<td>Margus Lepp<\/td>\n<td>L\u00e4\u00e4ne-Virumaa<\/td>\n<td><\/td>\n<\/tr>\n<tr>\n<td>Suviraps<\/td>\n<td>3,8<\/td>\n<td>2017<\/td>\n<td>Kalle Kits<\/td>\n<td>Valgamaa<\/td>\n<td><\/td>\n<\/tr>\n<tr>\n<td>Talir\u00fcps<\/td>\n<td>3,6<\/td>\n<td>2015<\/td>\n<td>Alar Mutli<\/td>\n<td>Raplamaa<\/td>\n<td><\/td>\n<\/tr>\n<tr>\n<td>Maher\u00fcps<\/td>\n<td>2,4<\/td>\n<td>2020<\/td>\n<td>Viljo Siimsalu<\/td>\n<td>Raplamaa<\/td>\n<td><\/td>\n<\/tr>\n<tr>\n<td>Maheraps<\/td>\n<td>3,0<\/td>\n<td>2021<\/td>\n<td>Tarmo Vest<\/td>\n<td>Raplamaa<\/td>\n<td><\/td>\n<\/tr>\n<tr>\n<td>K\u00f6\u00f6men<\/td>\n<td>1,8<\/td>\n<td>2022<\/td>\n<td>Andres Grents<\/td>\n<td>Harjumaa<\/td>\n<td><\/td>\n<\/tr>\n<tr>\n<td>Mahe \u00f5likanep<\/td>\n<td>0,7<\/td>\n<td>2025<\/td>\n<td>Kalmer Kivirai<\/td>\n<td>Saaremaa<\/td>\n<td><\/td>\n<\/tr>\n<tr>\n<td>Tulukus \u20ac\/ha<\/td>\n<td>2316<\/td>\n<td>2022<\/td>\n<td>Erki Plamus<\/td>\n<td>Raplamaa<\/td>\n<td><\/td>\n<\/tr>\n<\/tbody>\n<\/table>\n<p>* 2026. aasta m\u00e4rtsikuu seisuga<\/p>","protected":false},"excerpt":{"rendered":"<p>Kultuur t\/ha Aasta Rekordiomanik Piirkond Talinisu 12,8 2023 Erki Plamus Raplamaa Suvinisu 8,4 2015 T\u00f5nis Riisk Viljandimaa Rukis 12,1 2019 Raido Allsaar J\u00e4rvamaa Maherukis 4,9 2017 J\u00fcri Ilves J\u00e4rvamaa Triticale 10,8 2017 Eugen Koit Saaremaa Talioder 12 2015 Aivar Treiberg Harjumaa Suvioder 8,5 2019 Sven-Erik Lohu Viljandimaa Varane oder 7,4 2009 Erki Oidermaa P\u00f5lvamaa Kaer [&hellip;]<\/p>\n","protected":false},"author":9,"featured_media":0,"parent":0,"menu_order":0,"comment_status":"closed","ping_status":"closed","template":"page-templates\/page_fullwidth.php","meta":{"two_page_speed":[],"footnotes":""},"class_list":["post-16","page","type-page","status-publish","hentry"],"_links":{"self":[{"href":"https:\/\/viljelusvoistlus.ee\/en\/wp-json\/wp\/v2\/pages\/16","targetHints":{"allow":["GET"]}}],"collection":[{"href":"https:\/\/viljelusvoistlus.ee\/en\/wp-json\/wp\/v2\/pages"}],"about":[{"href":"https:\/\/viljelusvoistlus.ee\/en\/wp-json\/wp\/v2\/types\/page"}],"author":[{"embeddable":true,"href":"https:\/\/viljelusvoistlus.ee\/en\/wp-json\/wp\/v2\/users\/9"}],"replies":[{"embeddable":true,"href":"https:\/\/viljelusvoistlus.ee\/en\/wp-json\/wp\/v2\/comments?post=16"}],"version-history":[{"count":5,"href":"https:\/\/viljelusvoistlus.ee\/en\/wp-json\/wp\/v2\/pages\/16\/revisions"}],"predecessor-version":[{"id":2300,"href":"https:\/\/viljelusvoistlus.ee\/en\/wp-json\/wp\/v2\/pages\/16\/revisions\/2300"}],"wp:attachment":[{"href":"https:\/\/viljelusvoistlus.ee\/en\/wp-json\/wp\/v2\/media?parent=16"}],"curies":[{"name":"wp","href":"https:\/\/api.w.org\/{rel}","templated":true}]}}

<table style="height: 507px;" width="481">
<tbody>
<tr>
<td>Kultuur</td>
<td>t/ha</td>
<td>Aasta</td>
<td>Rekordiomanik</td>
<td>Piirkond</td>
<td></td>
</tr>
<tr>
<td>Talinisu</td>
<td>12,8</td>
<td>2023</td>
<td>Erki Plamus</td>
<td>Raplamaa</td>
<td></td>
</tr>
<tr>
<td>Suvinisu</td>
<td>8,4</td>
<td>2015</td>
<td>Tõnis Riisk</td>
<td>Viljandimaa</td>
<td></td>
</tr>
<tr>
<td>Rukis</td>
<td>12,1</td>
<td>2019</td>
<td>Raido Allsaar</td>
<td>Järvamaa</td>
<td></td>
</tr>
<tr>
<td>Maherukis</td>
<td>4,9</td>
<td>2017</td>
<td>Jüri Ilves</td>
<td>Järvamaa</td>
<td></td>
</tr>
<tr>
<td>Triticale</td>
<td>10,8</td>
<td>2017</td>
<td>Eugen Koit</td>
<td>Saaremaa</td>
<td></td>
</tr>
<tr>
<td>Talioder</td>
<td>12</td>
<td>2015</td>
<td>Aivar Treiberg</td>
<td>Harjumaa</td>
<td></td>
</tr>
<tr>
<td>Suvioder</td>
<td>8,5</td>
<td>2019</td>
<td>Sven-Erik Lohu</td>
<td>Viljandimaa</td>
<td></td>
</tr>
<tr>
<td>Varane oder</td>
<td>7,4</td>
<td>2009</td>
<td>Erki Oidermaa</td>
<td>Põlvamaa</td>
<td></td>
</tr>
<tr>
<td>Kaer</td>
<td>8,6</td>
<td>2022</td>
<td>Ahti Nurm</td>
<td>Valgamaa</td>
<td></td>
</tr>
<tr>
<td>Põldhernes</td>
<td>6,6</td>
<td>2016</td>
<td>Mihkel Vainula</td>
<td>Pärnumaa</td>
<td></td>
</tr>
<tr>
<td>Põlduba</td>
<td>6,8</td>
<td>2022</td>
<td>Erki Plamus</td>
<td>Raplamaa</td>
<td></td>
</tr>
<tr>
<td>Taliraps</td>
<td>6,9</td>
<td>2015</td>
<td>Margus Lepp</td>
<td>Lääne-Virumaa</td>
<td></td>
</tr>
<tr>
<td>Suviraps</td>
<td>3,8</td>
<td>2017</td>
<td>Kalle Kits</td>
<td>Valgamaa</td>
<td></td>
</tr>
<tr>
<td>Talirüps</td>
<td>3,6</td>
<td>2015</td>
<td>Alar Mutli</td>
<td>Raplamaa</td>
<td></td>
</tr>
<tr>
<td>Maherüps</td>
<td>2,4</td>
<td>2020</td>
<td>Viljo Siimsalu</td>
<td>Raplamaa</td>
<td></td>
</tr>
<tr>
<td>Maheraps</td>
<td>3,0</td>
<td>2021</td>
<td>Tarmo Vest</td>
<td>Raplamaa</td>
<td></td>
</tr>
<tr>
<td>Köömen</td>
<td>1,8</td>
<td>2022</td>
<td>Andres Grents</td>
<td>Harjumaa</td>
<td></td>
</tr>
<tr>
<td>Mahe õlikanep</td>
<td>0,7</td>
<td>2025</td>
<td>Kalmer Kivirai</td>
<td>Saaremaa</td>
<td></td>
</tr>
<tr>
<td>Tulukus €/ha</td>
<td>2316</td>
<td>2022</td>
<td>Erki Plamus</td>
<td>Raplamaa</td>
<td></td>
</tr>
</tbody>
</table>
<p>* 2026. aasta märtsikuu seisuga</p>

<p>Kultuur t/ha Aasta Rekordiomanik Piirkond Talinisu 12,8 2023 Erki Plamus Raplamaa Suvinisu 8,4 2015 Tõnis Riisk Viljandimaa Rukis 12,1 2019 Raido Allsaar Järvamaa Maherukis 4,9 2017 Jüri Ilves Järvamaa Triticale 10,8 2017 Eugen Koit Saaremaa Talioder 12 2015 Aivar Treiberg Harjumaa Suvioder 8,5 2019 Sven-Erik Lohu Viljandimaa Varane oder 7,4 2009 Erki Oidermaa Põlvamaa Kaer [&hellip;]</p>
